{"id":33,"date":"2024-09-13T16:18:25","date_gmt":"2024-09-13T16:18:25","guid":{"rendered":"https:\/\/owv-sc-waldthurn.de\/?page_id=33"},"modified":"2024-10-01T07:59:05","modified_gmt":"2024-10-01T07:59:05","slug":"wir-ueber-uns","status":"publish","type":"page","link":"https:\/\/owv-sc-waldthurn.de\/?page_id=33","title":{"rendered":"Wir \u00fcber uns"},"content":{"rendered":"\n<div class=\"wp-block-group alignwide has-accent-background-color has-background has-global-padding is-layout-constrained wp-container-core-group-is-layout-edc2874e wp-block-group-is-layout-constrained\" style=\"border-style:none;border-width:0px;border-radius:0px;margin-top:0;margin-bottom:0;padding-top:var(--wp--preset--spacing--20);padding-right:var(--wp--preset--spacing--50);padding-bottom:var(--wp--preset--spacing--20);padding-left:var(--wp--preset--spacing--50)\">\n<div class=\"wp-block-columns alignwide is-layout-flex wp-container-core-columns-is-layout-28f84493 wp-block-columns-is-layout-flex\">\n<div class=\"wp-block-column is-layout-flow wp-block-column-is-layout-flow\" style=\"flex-basis:100%\">\n<h2 class=\"wp-block-heading has-text-align-left\"><strong>Was will der OWV?<\/strong><\/h2>\n<\/div>\n<\/div>\n\n\n\n<div class=\"wp-block-columns alignwide is-layout-flex wp-container-core-columns-is-layout-28f84493 wp-block-columns-is-layout-flex\">\n<div class=\"wp-block-column is-layout-flow wp-block-column-is-layout-flow\">\n<p><strong>Der OWV hat die Aufgabe, bei seinen Mitgliedern und in der \u00d6ffentlichkeit das Wissen und Bewusstsein um die Oberpf\u00e4lzer Heimat zu f\u00f6rdern und alles zur Erhaltung unserer heimatlichen Natur, wie zur Versch\u00f6nerung der Landschaft und der Orte zu tun. In Erf\u00fcllung dieser Ziele dienen als wesentliche Aufgaben<\/strong><\/p>\n\n\n\n<ol style=\"list-style-type:lower-alpha\" class=\"wp-block-list\">\n<li>der Natur-, Landschafts- und Umweltschutz (im Sinne des \u00a7 29 Bundesnaturschutzgesetz). Die Ziele des Landesverbandes Bayern der Deutschen Gebirgs- und Wandervereine sind hierbei verbindlich.<\/li>\n\n\n\n<li>Anlegen und Betreuen von Biotopen,<\/li>\n\n\n\n<li>Erhaltung der Kulturlandschaft<\/li>\n\n\n\n<li>Erhaltung von Denkm\u00e4lern<\/li>\n\n\n\n<li>das Betreiben von Ortsversch\u00f6nerungen<\/li>\n\n\n\n<li>die Pflege des Wanderns<\/li>\n\n\n\n<li>das Anlegen und Betreuen von Wanderwegen, Wanderparkpl\u00e4tzen, Lehrpfaden, Wildgehegen, Aussichtspunkten, Informationstafeln und Ruheb\u00e4nken<\/li>\n\n\n\n<li>die Erstellung von Wegebeschreibungen in Form von Faltbl\u00e4ttern und das Mitwirken bei Wanderkarten und Wanderf\u00fchrern<\/li>\n\n\n\n<li>der Bau und die Unterhaltung von Aussichtst\u00fcrmen, Wanderheimen und Wanderst\u00fctzpunkten<\/li>\n\n\n\n<li>die F\u00f6rderung des heimatkundlichen und heimatgeschichtlichen Schrifttums einschlie\u00dflich der Heimatforschung<\/li>\n\n\n\n<li>die Pflege des bodenst\u00e4ndigen Volks- und Brauchtums in Musik, Tanz, Spiel u. a.<\/li>\n\n\n\n<li>die Aufkl\u00e4rung der \u00d6ffentlichkeit im Sinne dieser Ziele<\/li>\n<\/ol>\n<\/div>\n<\/div>\n\n\n\n<div class=\"wp-block-columns alignwide is-layout-flex wp-container-core-columns-is-layout-28f84493 wp-block-columns-is-layout-flex\">\n<div class=\"wp-block-column is-layout-flow wp-block-column-is-layout-flow\" style=\"flex-basis:100%\">\n<p>Dies alles erfordert die Schaffung eines fl\u00e4chendeckenden Netzes von Zweigvereinen.<br>Alle diese vielf\u00e4ltigen Aufgaben des Vereins werden von Idealisten aus den Reihen der Mitglieder ehrenamtlich wahrgenommen.<\/p>\n<\/div>\n<\/div>\n<\/div>\n\n\n\n<div class=\"wp-block-group alignwide has-accent-background-color has-background has-global-padding is-layout-constrained wp-container-core-group-is-layout-edc2874e wp-block-group-is-layout-constrained\" style=\"margin-top:0;margin-bottom:0;padding-top:var(--wp--preset--spacing--20);padding-right:var(--wp--preset--spacing--50);padding-bottom:var(--wp--preset--spacing--20);padding-left:var(--wp--preset--spacing--50)\">\n<div class=\"wp-block-columns alignwide is-layout-flex wp-container-core-columns-is-layout-28f84493 wp-block-columns-is-layout-flex\">\n<div class=\"wp-block-column is-layout-flow wp-block-column-is-layout-flow\" style=\"flex-basis:100%\">\n<h2 class=\"wp-block-heading has-text-align-left\"><strong>Was bietet der OWV?<\/strong><\/h2>\n<\/div>\n<\/div>\n\n\n\n<div class=\"wp-block-columns alignwide is-layout-flex wp-container-core-columns-is-layout-28f84493 wp-block-columns-is-layout-flex\">\n<div class=\"wp-block-column is-layout-flow wp-block-column-is-layout-flow\">\n<p><strong>Der OWV bietet ein reichhaltiges Angebot:<\/strong><\/p>\n\n\n\n<ul class=\"wp-block-list is-style-checkmark-list\">\n<li>ein gut markiertes Wanderwegenetz<\/li>\n\n\n\n<li>gef\u00fchrte Wanderungen in vielfach unbekannte Gebiete<\/li>\n\n\n\n<li>ein vielf\u00e4ltiges Vortragsprogramm<\/li>\n\n\n\n<li>gesellige und kulturelle Veranstaltungen wie Adventsingen, Sonnwendfeiern, Volks- und Brauchtumsabende, Mundartdichter-Lesungen, Wettbewerbe, traditionelle T\u00e4nze u. \u00e4. m.<\/li>\n\n\n\n<li>&#8222;Die Arnika&#8220; und die &#8222;Oberpf\u00e4lzer Heimat&#8220; mit vielen Informationen und Anregungen f\u00fcr Wandern, Freizeit, Heimatkunde und Geschichte u. \u00e4. m.<\/li>\n<\/ul>\n<\/div>\n<\/div>\n\n\n\n<div class=\"wp-block-columns alignwide is-layout-flex wp-container-core-columns-is-layout-28f84493 wp-block-columns-is-layout-flex\">\n<div class=\"wp-block-column is-layout-flow wp-block-column-is-layout-flow\" style=\"flex-basis:100%\">\n<p>Dies alles erfordert die Schaffung eines fl\u00e4chendeckenden Netzes von Zweigvereinen.<br>Alle diese vielf\u00e4ltigen Aufgaben des Vereins werden von Idealisten aus den Reihen der Mitglieder ehrenamtlich wahrgenommen.<\/p>\n<\/div>\n<\/div>\n<\/div>\n\n\n\n<p><\/p>\n\n\n\n<h2 class=\"wp-block-heading\"><\/h2>\n\n\n\n<p><\/p>\n","protected":false},"excerpt":{"rendered":"<p>Was will der OWV? Der OWV hat die Aufgabe, bei seinen Mitgliedern und in der \u00d6ffentlichkeit das Wissen und Bewusstsein um die Oberpf\u00e4lzer Heimat zu f\u00f6rdern und alles zur Erhaltung unserer heimatlichen Natur, wie zur Versch\u00f6nerung der Landschaft und der Orte zu tun. In Erf\u00fcllung dieser Ziele dienen als wesentliche Aufgaben Dies alles erfordert die [&hellip;]<\/p>\n","protected":false},"author":1,"featured_media":0,"parent":268,"menu_order":-5,"comment_status":"closed","ping_status":"closed","template":"","meta":{"footnotes":""},"folder":[],"class_list":["post-33","page","type-page","status-publish","hentry"],"_links":{"self":[{"href":"https:\/\/owv-sc-waldthurn.de\/index.php?rest_route=\/wp\/v2\/pages\/33","targetHints":{"allow":["GET"]}}],"collection":[{"href":"https:\/\/owv-sc-waldthurn.de\/index.php?rest_route=\/wp\/v2\/pages"}],"about":[{"href":"https:\/\/owv-sc-waldthurn.de\/index.php?rest_route=\/wp\/v2\/types\/page"}],"author":[{"embeddable":true,"href":"https:\/\/owv-sc-waldthurn.de\/index.php?rest_route=\/wp\/v2\/users\/1"}],"replies":[{"embeddable":true,"href":"https:\/\/owv-sc-waldthurn.de\/index.php?rest_route=%2Fwp%2Fv2%2Fcomments&post=33"}],"version-history":[{"count":4,"href":"https:\/\/owv-sc-waldthurn.de\/index.php?rest_route=\/wp\/v2\/pages\/33\/revisions"}],"predecessor-version":[{"id":676,"href":"https:\/\/owv-sc-waldthurn.de\/index.php?rest_route=\/wp\/v2\/pages\/33\/revisions\/676"}],"up":[{"embeddable":true,"href":"https:\/\/owv-sc-waldthurn.de\/index.php?rest_route=\/wp\/v2\/pages\/268"}],"wp:attachment":[{"href":"https:\/\/owv-sc-waldthurn.de\/index.php?rest_route=%2Fwp%2Fv2%2Fmedia&parent=33"}],"wp:term":[{"taxonomy":"folder","embeddable":true,"href":"https:\/\/owv-sc-waldthurn.de\/index.php?rest_route=%2Fwp%2Fv2%2Ffolder&post=33"}],"curies":[{"name":"wp","href":"https:\/\/api.w.org\/{rel}","templated":true}]}}

Wir über uns

<div class="wp-block-group alignwide has-accent-background-color has-background has-global-padding is-layout-constrained wp-container-core-group-is-layout-edc2874e wp-block-group-is-layout-constrained" style="border-style:none;border-width:0px;border-radius:0px;margin-top:0;margin-bottom:0;padding-top:var(--wp--preset--spacing--20);padding-right:var(--wp--preset--spacing--50);padding-bottom:var(--wp--preset--spacing--20);padding-left:var(--wp--preset--spacing--50)">
<div class="wp-block-columns alignwide is-layout-flex wp-container-core-columns-is-layout-28f84493 wp-block-columns-is-layout-flex">
<div class="wp-block-column is-layout-flow wp-block-column-is-layout-flow" style="flex-basis:100%">
<h2 class="wp-block-heading has-text-align-left"><strong>Was will der OWV?</strong></h2>
</div>
</div>



<div class="wp-block-columns alignwide is-layout-flex wp-container-core-columns-is-layout-28f84493 wp-block-columns-is-layout-flex">
<div class="wp-block-column is-layout-flow wp-block-column-is-layout-flow">
<p><strong>Der OWV hat die Aufgabe, bei seinen Mitgliedern und in der Öffentlichkeit das Wissen und Bewusstsein um die Oberpfälzer Heimat zu fördern und alles zur Erhaltung unserer heimatlichen Natur, wie zur Verschönerung der Landschaft und der Orte zu tun. In Erfüllung dieser Ziele dienen als wesentliche Aufgaben</strong></p>



<ol style="list-style-type:lower-alpha" class="wp-block-list">
<li>der Natur-, Landschafts- und Umweltschutz (im Sinne des § 29 Bundesnaturschutzgesetz). Die Ziele des Landesverbandes Bayern der Deutschen Gebirgs- und Wandervereine sind hierbei verbindlich.</li>



<li>Anlegen und Betreuen von Biotopen,</li>



<li>Erhaltung der Kulturlandschaft</li>



<li>Erhaltung von Denkmälern</li>



<li>das Betreiben von Ortsverschönerungen</li>



<li>die Pflege des Wanderns</li>



<li>das Anlegen und Betreuen von Wanderwegen, Wanderparkplätzen, Lehrpfaden, Wildgehegen, Aussichtspunkten, Informationstafeln und Ruhebänken</li>



<li>die Erstellung von Wegebeschreibungen in Form von Faltblättern und das Mitwirken bei Wanderkarten und Wanderführern</li>



<li>der Bau und die Unterhaltung von Aussichtstürmen, Wanderheimen und Wanderstützpunkten</li>



<li>die Förderung des heimatkundlichen und heimatgeschichtlichen Schrifttums einschließlich der Heimatforschung</li>



<li>die Pflege des bodenständigen Volks- und Brauchtums in Musik, Tanz, Spiel u. a.</li>



<li>die Aufklärung der Öffentlichkeit im Sinne dieser Ziele</li>
</ol>
</div>
</div>



<div class="wp-block-columns alignwide is-layout-flex wp-container-core-columns-is-layout-28f84493 wp-block-columns-is-layout-flex">
<div class="wp-block-column is-layout-flow wp-block-column-is-layout-flow" style="flex-basis:100%">
<p>Dies alles erfordert die Schaffung eines flächendeckenden Netzes von Zweigvereinen.<br>Alle diese vielfältigen Aufgaben des Vereins werden von Idealisten aus den Reihen der Mitglieder ehrenamtlich wahrgenommen.</p>
</div>
</div>
</div>



<div class="wp-block-group alignwide has-accent-background-color has-background has-global-padding is-layout-constrained wp-container-core-group-is-layout-edc2874e wp-block-group-is-layout-constrained" style="margin-top:0;margin-bottom:0;padding-top:var(--wp--preset--spacing--20);padding-right:var(--wp--preset--spacing--50);padding-bottom:var(--wp--preset--spacing--20);padding-left:var(--wp--preset--spacing--50)">
<div class="wp-block-columns alignwide is-layout-flex wp-container-core-columns-is-layout-28f84493 wp-block-columns-is-layout-flex">
<div class="wp-block-column is-layout-flow wp-block-column-is-layout-flow" style="flex-basis:100%">
<h2 class="wp-block-heading has-text-align-left"><strong>Was bietet der OWV?</strong></h2>
</div>
</div>



<div class="wp-block-columns alignwide is-layout-flex wp-container-core-columns-is-layout-28f84493 wp-block-columns-is-layout-flex">
<div class="wp-block-column is-layout-flow wp-block-column-is-layout-flow">
<p><strong>Der OWV bietet ein reichhaltiges Angebot:</strong></p>



<ul class="wp-block-list is-style-checkmark-list">
<li>ein gut markiertes Wanderwegenetz</li>



<li>geführte Wanderungen in vielfach unbekannte Gebiete</li>



<li>ein vielfältiges Vortragsprogramm</li>



<li>gesellige und kulturelle Veranstaltungen wie Adventsingen, Sonnwendfeiern, Volks- und Brauchtumsabende, Mundartdichter-Lesungen, Wettbewerbe, traditionelle Tänze u. ä. m.</li>



<li>&#8222;Die Arnika&#8220; und die &#8222;Oberpfälzer Heimat&#8220; mit vielen Informationen und Anregungen für Wandern, Freizeit, Heimatkunde und Geschichte u. ä. m.</li>
</ul>
</div>
</div>



<div class="wp-block-columns alignwide is-layout-flex wp-container-core-columns-is-layout-28f84493 wp-block-columns-is-layout-flex">
<div class="wp-block-column is-layout-flow wp-block-column-is-layout-flow" style="flex-basis:100%">
<p>Dies alles erfordert die Schaffung eines flächendeckenden Netzes von Zweigvereinen.<br>Alle diese vielfältigen Aufgaben des Vereins werden von Idealisten aus den Reihen der Mitglieder ehrenamtlich wahrgenommen.</p>
</div>
</div>
</div>



<p></p>



<h2 class="wp-block-heading"></h2>



<p></p>

<p>Was will der OWV? Der OWV hat die Aufgabe, bei seinen Mitgliedern und in der Öffentlichkeit das Wissen und Bewusstsein um die Oberpfälzer Heimat zu fördern und alles zur Erhaltung unserer heimatlichen Natur, wie zur Verschönerung der Landschaft und der Orte zu tun. In Erfüllung dieser Ziele dienen als wesentliche Aufgaben Dies alles erfordert die [&hellip;]</p>
