{"id":5207,"date":"2024-10-21T18:40:25","date_gmt":"2024-10-21T18:40:25","guid":{"rendered":"https:\/\/owv-sc-waldthurn.de\/?page_id=5207"},"modified":"2026-02-06T12:15:13","modified_gmt":"2026-02-06T12:15:13","slug":"verein-macht-schule","status":"publish","type":"page","link":"https:\/\/owv-sc-waldthurn.de\/?page_id=5207","title":{"rendered":"Verein macht Schule"},"content":{"rendered":"\n<p><strong>2026<\/strong>\/ D<strong>ienstag 20. bis Freitag 23. Januar&nbsp;<\/strong><strong>Skikurs Schule<\/strong><\/p>\n\n\n\n<figure class=\"wp-block-image\"><img loading=\"lazy\" decoding=\"async\" width=\"1024\" height=\"498\" src=\"https:\/\/owv-sc-waldthurn.de\/wp-content\/uploads\/2026\/01\/20260122_113223-1024x498.jpg\" alt=\"\" class=\"wp-image-9951\" srcset=\"https:\/\/owv-sc-waldthurn.de\/wp-content\/uploads\/2026\/01\/20260122_113223-1024x498.jpg 1024w, https:\/\/owv-sc-waldthurn.de\/wp-content\/uploads\/2026\/01\/20260122_113223-300x146.jpg 300w, https:\/\/owv-sc-waldthurn.de\/wp-content\/uploads\/2026\/01\/20260122_113223-768x374.jpg 768w, https:\/\/owv-sc-waldthurn.de\/wp-content\/uploads\/2026\/01\/20260122_113223.jpg 1200w\" sizes=\"auto, (max-width: 1024px) 100vw, 1024px\" \/><\/figure>\n\n\n\n<p>Gruppenbild mit Trainer\/in Gr\u00fcnauer Johanna und Gr\u00fcnauer Lukas (Schulpraktikant)<\/p>\n\n\n\n<p><\/p>\n\n\n\n<div class=\"wp-block-group alignwide is-layout-flow wp-block-group-is-layout-flow\">\n<p>Die Sch\u00fclerinnen und Sch\u00fcler der 3. und 4. Klasse der Grundschule Waldthurn verbrachten vier sportliche Vormittage in der Langlaufloipe an der OWV\/Skih\u00fctte<\/p>\n\n\n\n<p>Dank ausreichender Schneelage konnte die Wiese an der Skih\u00fctte gespurt werden, so dass der Langlaufkurs erstmals seit ein paar Jahren wieder direkt vor Ort stattfand.<\/p>\n\n\n\n<p>Helmut Glaser vom OWV \u00fcberpr\u00fcfte am Tag vorher den Zustand der Loipe und zog erg\u00e4nzend frische Spuren. <\/p>\n\n\n\n<p>13 Kinder sammelten Ersterfahrung auf den schmalen Skiern oder vertieften bereits vorhandene Kenntnisse.<\/p>\n\n\n\n<p>Neben Koordination und Ausdauer ist vor allem die Grundtechnik &#8222;Diagonalschritt&#8220; die Basis des Langlaufsports.<\/p>\n\n\n\n<p>Durch spielerische \u00dcbungen, wie Fangenspielen mit nur einem Ski oder Slalomlauf durch Hindernisse konnte der Bewegungsablauf sowie das Gleichgewicht trainiert werden.<\/p>\n\n\n\n<p>Bei eisigen Temperaturen bot die beheizte Skih\u00fctte mit Kachelofen eine willkommene M\u00f6glichkeit zum Aufw\u00e4rmen und Pause machen.<\/p>\n\n\n\n<p>Am letzten Tag waren die perfekt trainierten Langl\u00e4uferinnen und Langl\u00e4ufer bereit f\u00fcr ein kleines Wettrennen nach dem Motto &#8220; Jeder gegen jeden&#8220;  &#8211; Sieger waren alle-  was den Kids viel Motivation und Ehrgeiz entlockte.<\/p>\n\n\n\n<p><\/p>\n<\/div>\n\n\n\n<p>Gr\u00fcnauer Johanna<\/p>\n\n\n\n\n\n\n\n<p class=\"has-text-align-center\"><strong><em>2022 Langlaufkurs &#8211; Grundschule Waldthurn <\/em><\/strong><\/p>\n\n\n\n<p class=\"has-text-align-center\"><strong><em>an der OWV\/ SkiH\u00fctte  mit  Unterst\u00fctzung <\/em><\/strong><\/p>\n\n\n\n<p class=\"has-text-align-center\"><strong><em>von OWV Mitgliedern <\/em><\/strong><\/p>\n\n\n\n<p class=\"has-text-align-center\">Gr\u00fcnauer Johanna, Holbaum Manfred und Gr\u00fcnauer Stefan<\/p>\n\n\n\n\n\n\n\n<p><strong><em>In Erinnerung an Alfred Troidl <\/em><\/strong><\/p>\n\n\n\n<div class=\"wp-block-group alignwide is-layout-flow wp-block-group-is-layout-flow\">\n<p class=\"has-text-align-center\">Viele Jahre organisierte er, in seiner Eigenschaft als Leiter der Grundschule Waldthurn, Ski- und Langlaufkurse am Fahrenberg und beim Langlaufzentrum.<\/p>\n\n\n\n<p class=\"has-text-align-center\"> OWV\/SC Mitglieder, vor allem die SC Damen unterst\u00fctzen mit gro\u00dfer Freude und Begeisterung die Langlaufkurse an der Skih\u00fctte. <\/p>\n\n\n\n<figure class=\"wp-block-image size-full is-resized\"><img loading=\"lazy\" decoding=\"async\" width=\"461\" height=\"448\" src=\"https:\/\/owv-sc-waldthurn.de\/wp-content\/uploads\/2024\/11\/2009-Langlauf-st-n-2.jpg\" alt=\"\" class=\"wp-image-6402\" style=\"width:637px;height:auto\" srcset=\"https:\/\/owv-sc-waldthurn.de\/wp-content\/uploads\/2024\/11\/2009-Langlauf-st-n-2.jpg 461w, https:\/\/owv-sc-waldthurn.de\/wp-content\/uploads\/2024\/11\/2009-Langlauf-st-n-2-300x292.jpg 300w\" sizes=\"auto, (max-width: 461px) 100vw, 461px\" \/><\/figure>\n<\/div>\n\n\n\n<div class=\"wp-block-group alignwide is-nowrap is-layout-flex wp-container-core-group-is-layout-6c531013 wp-block-group-is-layout-flex\">\n<figure class=\"wp-block-image size-large is-resized\"><img loading=\"lazy\" decoding=\"async\" width=\"1024\" height=\"918\" src=\"https:\/\/owv-sc-waldthurn.de\/wp-content\/uploads\/2024\/10\/20241022_145736-1024x918.jpg\" alt=\"\" class=\"wp-image-5353\" style=\"width:803px;height:auto\" srcset=\"https:\/\/owv-sc-waldthurn.de\/wp-content\/uploads\/2024\/10\/20241022_145736-1024x918.jpg 1024w, https:\/\/owv-sc-waldthurn.de\/wp-content\/uploads\/2024\/10\/20241022_145736-300x269.jpg 300w, https:\/\/owv-sc-waldthurn.de\/wp-content\/uploads\/2024\/10\/20241022_145736-768x689.jpg 768w, https:\/\/owv-sc-waldthurn.de\/wp-content\/uploads\/2024\/10\/20241022_145736.jpg 1200w\" sizes=\"auto, (max-width: 1024px) 100vw, 1024px\" \/><\/figure>\n\n\n\n<div class=\"wp-block-group is-nowrap is-layout-flex wp-container-core-group-is-layout-6c531013 wp-block-group-is-layout-flex\">\n<figure class=\"wp-block-image size-large is-resized\"><img loading=\"lazy\" decoding=\"async\" width=\"1024\" height=\"630\" src=\"https:\/\/owv-sc-waldthurn.de\/wp-content\/uploads\/2024\/10\/20241022_145706-1024x630.jpg\" alt=\"\" class=\"wp-image-5352\" style=\"width:1117px;height:auto\" srcset=\"https:\/\/owv-sc-waldthurn.de\/wp-content\/uploads\/2024\/10\/20241022_145706-1024x630.jpg 1024w, https:\/\/owv-sc-waldthurn.de\/wp-content\/uploads\/2024\/10\/20241022_145706-300x185.jpg 300w, https:\/\/owv-sc-waldthurn.de\/wp-content\/uploads\/2024\/10\/20241022_145706-768x472.jpg 768w, https:\/\/owv-sc-waldthurn.de\/wp-content\/uploads\/2024\/10\/20241022_145706.jpg 1200w\" sizes=\"auto, (max-width: 1024px) 100vw, 1024px\" \/><\/figure>\n<\/div>\n<\/div>\n\n\n\n<p class=\"has-text-align-center has-large-font-size\"><strong><em>2016   14. Juli <\/em><\/strong><\/p>\n\n\n\n<div class=\"wp-block-group alignwide is-layout-flow wp-block-group-is-layout-flow\">\n<p>Verein macht Schule \/ Werner Pankotsch<br>Eine Selbstverst\u00e4ndlichkeit war es f\u00fcr den Oberpf\u00e4lzer Waldverein Waldthurn auch in diesem Jahr das Programm \u201eVerein macht Schule\u201c der Wolfgang-Caspar-Printz Schule zu unterst\u00fctzen. Dem Ziel folgend, die Jugendarbeit im Verein zu f\u00f6rdern, organisierte Jugendleiterin Andrea G\u00f6tz das Asphaltschie\u00dfen mit dem Eisstock von Dieter Malzer. Hans Pflaum und Konrad Seibert zeigten den jungen Sch\u00fclern, wie man sich richtig bewegt und den Eisstock in die richtige Richtung bef\u00f6rdert. Nach einigen Versuchen klappte das bei den meisten Sch\u00fclern schon sehr gut. Schulleiterin Tanja Willax-Nickl lie\u00df es sich nicht nehmen, eine Extrastunde bei Hans Pflaum zu nehmen um ihren Sch\u00fclern in Nichts nachzustehen. Allen Teilnehmern war anzumerken, dass es sichtlich Spa\u00df machte, auch wenn das Wetter an diesem Tag alles andere als gut war.<\/p>\n<\/div>\n\n\n\n<p><\/p>\n\n\n\n<div class=\"wp-block-group alignwide is-nowrap is-layout-flex wp-container-core-group-is-layout-6c531013 wp-block-group-is-layout-flex\">\n<figure class=\"wp-block-image size-full is-resized\"><img loading=\"lazy\" decoding=\"async\" width=\"432\" height=\"324\" src=\"https:\/\/owv-sc-waldthurn.de\/wp-content\/uploads\/2024\/10\/IMG_2489.jpg\" alt=\"\" class=\"wp-image-5211\" style=\"width:394px;height:auto\" srcset=\"https:\/\/owv-sc-waldthurn.de\/wp-content\/uploads\/2024\/10\/IMG_2489.jpg 432w, https:\/\/owv-sc-waldthurn.de\/wp-content\/uploads\/2024\/10\/IMG_2489-300x225.jpg 300w\" sizes=\"auto, (max-width: 432px) 100vw, 432px\" \/><\/figure>\n\n\n\n<figure class=\"wp-block-image size-full is-resized\"><img loading=\"lazy\" decoding=\"async\" width=\"432\" height=\"324\" src=\"https:\/\/owv-sc-waldthurn.de\/wp-content\/uploads\/2024\/10\/IMG_2486.jpg\" alt=\"\" class=\"wp-image-5210\" style=\"width:352px;height:auto\" srcset=\"https:\/\/owv-sc-waldthurn.de\/wp-content\/uploads\/2024\/10\/IMG_2486.jpg 432w, https:\/\/owv-sc-waldthurn.de\/wp-content\/uploads\/2024\/10\/IMG_2486-300x225.jpg 300w\" sizes=\"auto, (max-width: 432px) 100vw, 432px\" \/><\/figure>\n\n\n\n<figure class=\"wp-block-image size-full is-resized\"><img loading=\"lazy\" decoding=\"async\" width=\"432\" height=\"324\" src=\"https:\/\/owv-sc-waldthurn.de\/wp-content\/uploads\/2024\/10\/IMG_2494.jpg\" alt=\"\" class=\"wp-image-5212\" style=\"aspect-ratio:1;width:292px;height:auto\" srcset=\"https:\/\/owv-sc-waldthurn.de\/wp-content\/uploads\/2024\/10\/IMG_2494.jpg 432w, https:\/\/owv-sc-waldthurn.de\/wp-content\/uploads\/2024\/10\/IMG_2494-300x225.jpg 300w\" sizes=\"auto, (max-width: 432px) 100vw, 432px\" \/><\/figure>\n\n\n\n<figure class=\"wp-block-image size-full is-resized\"><img loading=\"lazy\" decoding=\"async\" width=\"432\" height=\"324\" src=\"https:\/\/owv-sc-waldthurn.de\/wp-content\/uploads\/2024\/10\/IMG_2500.jpg\" alt=\"\" class=\"wp-image-5213\" style=\"width:432px;height:auto\" srcset=\"https:\/\/owv-sc-waldthurn.de\/wp-content\/uploads\/2024\/10\/IMG_2500.jpg 432w, https:\/\/owv-sc-waldthurn.de\/wp-content\/uploads\/2024\/10\/IMG_2500-300x225.jpg 300w\" sizes=\"auto, (max-width: 432px) 100vw, 432px\" \/><\/figure>\n<\/div>\n\n\n\n<p class=\"has-text-align-center has-large-font-size\"><strong><em>2015 Dezember <\/em><\/strong><\/p>\n\n\n\n<div class=\"wp-block-group alignwide is-layout-flow wp-block-group-is-layout-flow\">\n<p>(fvo) Der OWV Waldthurn ist ein sehr vielseitiger Verein und begeistert Jung und Alt. Unter dem Dach des Waldvereins hat sich die Aktion des \u201eEltern-Kind-Turnens\u201c angesiedelt. Manuela Gr\u00fcnauer und Vanessa Ertl leiten die Truppe. Immer donnerstags treffen sich haupts\u00e4chlich M\u00fctter und Kinder in der Schulturnhalle. \u201eDas Programm ist Teil unserer Bem\u00fchungen um die Jugendarbeit in unserem Verein\u201c, erkl\u00e4rte Vorsitzender Werner Pankotsch vergangene Woche. Die &#8222;Aktiv-Kids&#8220; verbessern durch entsprechende \u00dcbungen zusammen mit ihren Eltern ihre K\u00f6rperhaltung und kr\u00e4ftigen die gesamte Muskulatur.<br>So inspizierte der Nikolaus die sportliche Gruppe, um sich ein Bild zu verschaffen und die Kinder zu ermutigen, sich weiter k\u00f6rperlich zu ert\u00fcchtigen.<br>Die Eltern meinten, es k\u00f6nnte sich beim Nikolaus um Hans-Peter Reil aus der OWV \u2013 Vorstandsriege handeln. Die Kinder waren sich allerdings absolut sicher, dass es der Heilige Nikolaus pers\u00f6nlich war. Jedes Kind erhielt einen Schokoladennikolaus und die beiden \u00dcbungsleiterinnen ein kleines Pr\u00e4sent<\/p>\n<\/div>\n\n\n\n<figure class=\"wp-block-image size-full is-resized\"><img loading=\"lazy\" decoding=\"async\" width=\"629\" height=\"274\" src=\"https:\/\/owv-sc-waldthurn.de\/wp-content\/uploads\/2024\/10\/2015-Dez-Kindergruppefahelternkind.jpg\" alt=\"\" class=\"wp-image-5227\" style=\"width:623px;height:auto\" srcset=\"https:\/\/owv-sc-waldthurn.de\/wp-content\/uploads\/2024\/10\/2015-Dez-Kindergruppefahelternkind.jpg 629w, https:\/\/owv-sc-waldthurn.de\/wp-content\/uploads\/2024\/10\/2015-Dez-Kindergruppefahelternkind-300x131.jpg 300w\" sizes=\"auto, (max-width: 629px) 100vw, 629px\" \/><figcaption class=\"wp-element-caption\">Bild (fvo) Beim \u201eEltern-Kind Turnen\u201c zeigte sich der Heilige Nikolaus vom Engagement der Erwachsenen sehr angetan.<\/figcaption><\/figure>\n\n\n\n<p class=\"has-text-align-center has-large-font-size\"><strong><em>2009 <\/em><\/strong>   <strong><em>20. Juni <\/em><\/strong><\/p>\n\n\n\n<div class=\"wp-block-group alignwide is-layout-flow wp-block-group-is-layout-flow\">\n<p> -Teilnahme des OWV Skiclubs am Aktionstag &#8222;Verein macht Schule&#8220;<br>Die Initiative der Aktion &#8222;Verein macht Schule&#8220; ging vom Kreisjugendring aus. Auf \u00f6rtlicher Ebene k\u00fcmmerten sich die Jugendvertreter der Marktgemeinde Stefan Gr\u00fcnauer und Georg Bocka zusammen mit der Grundschule Waldthurn unter Leitung von Rektor Alfred Troidl um die Organisation der Veranstaltung. Die Waldthurner Vereine hatten die M\u00f6glichkeit, ihre Aktivit\u00e4ten zu zeigen und gemeinsam mit den Kindern auszu\u00fcben.<br>Der Skiclub zeigte den Kindern, wie man sich gekonnt auf Inlineskatern bewegt. Wolfgang Bergmann und Hans Pflaum leiteten die \u00dcbungen, einige Kinder zeigten enormes Talent beim Befahren des Parcours.<\/p>\n<\/div>\n\n\n\n<div class=\"wp-block-group alignwide is-nowrap is-layout-flex wp-container-core-group-is-layout-6c531013 wp-block-group-is-layout-flex\">\n<div class=\"wp-block-group is-nowrap is-layout-flex wp-container-core-group-is-layout-6c531013 wp-block-group-is-layout-flex\">\n<figure class=\"wp-block-image size-full is-resized\"><img loading=\"lazy\" decoding=\"async\" width=\"614\" height=\"461\" src=\"https:\/\/owv-sc-waldthurn.de\/wp-content\/uploads\/2024\/10\/aktionstag01.jpg\" alt=\"\" class=\"wp-image-5217\" style=\"width:341px;height:auto\" srcset=\"https:\/\/owv-sc-waldthurn.de\/wp-content\/uploads\/2024\/10\/aktionstag01.jpg 614w, https:\/\/owv-sc-waldthurn.de\/wp-content\/uploads\/2024\/10\/aktionstag01-300x225.jpg 300w\" sizes=\"auto, (max-width: 614px) 100vw, 614px\" \/><\/figure>\n<\/div>\n\n\n\n<figure class=\"wp-block-image size-full is-resized\"><img loading=\"lazy\" decoding=\"async\" width=\"614\" height=\"461\" src=\"https:\/\/owv-sc-waldthurn.de\/wp-content\/uploads\/2024\/10\/aktionstag02.jpg\" alt=\"\" class=\"wp-image-5218\" style=\"width:270px;height:auto\" srcset=\"https:\/\/owv-sc-waldthurn.de\/wp-content\/uploads\/2024\/10\/aktionstag02.jpg 614w, https:\/\/owv-sc-waldthurn.de\/wp-content\/uploads\/2024\/10\/aktionstag02-300x225.jpg 300w\" sizes=\"auto, (max-width: 614px) 100vw, 614px\" \/><\/figure>\n\n\n\n<figure class=\"wp-block-image size-full is-resized\"><img loading=\"lazy\" decoding=\"async\" width=\"614\" height=\"461\" src=\"https:\/\/owv-sc-waldthurn.de\/wp-content\/uploads\/2024\/10\/aktionstag03.jpg\" alt=\"\" class=\"wp-image-5219\" style=\"width:297px;height:auto\" srcset=\"https:\/\/owv-sc-waldthurn.de\/wp-content\/uploads\/2024\/10\/aktionstag03.jpg 614w, https:\/\/owv-sc-waldthurn.de\/wp-content\/uploads\/2024\/10\/aktionstag03-300x225.jpg 300w\" sizes=\"auto, (max-width: 614px) 100vw, 614px\" \/><\/figure>\n\n\n\n<figure class=\"wp-block-image size-full is-resized\"><img loading=\"lazy\" decoding=\"async\" width=\"614\" height=\"461\" src=\"https:\/\/owv-sc-waldthurn.de\/wp-content\/uploads\/2024\/10\/aktionstag08.jpg\" alt=\"\" class=\"wp-image-5224\" style=\"width:275px;height:auto\" srcset=\"https:\/\/owv-sc-waldthurn.de\/wp-content\/uploads\/2024\/10\/aktionstag08.jpg 614w, https:\/\/owv-sc-waldthurn.de\/wp-content\/uploads\/2024\/10\/aktionstag08-300x225.jpg 300w\" sizes=\"auto, (max-width: 614px) 100vw, 614px\" \/><\/figure>\n<\/div>\n\n\n\n<div class=\"wp-block-group alignwide is-nowrap is-layout-flex wp-container-core-group-is-layout-6c531013 wp-block-group-is-layout-flex\">\n<figure class=\"wp-block-image size-full is-resized\"><img loading=\"lazy\" decoding=\"async\" width=\"614\" height=\"461\" src=\"https:\/\/owv-sc-waldthurn.de\/wp-content\/uploads\/2024\/10\/aktionstag04.jpg\" alt=\"\" class=\"wp-image-5220\" style=\"width:313px;height:auto\" srcset=\"https:\/\/owv-sc-waldthurn.de\/wp-content\/uploads\/2024\/10\/aktionstag04.jpg 614w, https:\/\/owv-sc-waldthurn.de\/wp-content\/uploads\/2024\/10\/aktionstag04-300x225.jpg 300w\" sizes=\"auto, (max-width: 614px) 100vw, 614px\" \/><\/figure>\n\n\n\n<figure class=\"wp-block-image size-full is-resized\"><img loading=\"lazy\" decoding=\"async\" width=\"614\" height=\"461\" src=\"https:\/\/owv-sc-waldthurn.de\/wp-content\/uploads\/2024\/10\/aktionstag05.jpg\" alt=\"\" class=\"wp-image-5221\" style=\"width:332px;height:auto\" srcset=\"https:\/\/owv-sc-waldthurn.de\/wp-content\/uploads\/2024\/10\/aktionstag05.jpg 614w, https:\/\/owv-sc-waldthurn.de\/wp-content\/uploads\/2024\/10\/aktionstag05-300x225.jpg 300w\" sizes=\"auto, (max-width: 614px) 100vw, 614px\" \/><\/figure>\n\n\n\n<figure class=\"wp-block-image size-full is-resized\"><img loading=\"lazy\" decoding=\"async\" width=\"614\" height=\"461\" src=\"https:\/\/owv-sc-waldthurn.de\/wp-content\/uploads\/2024\/10\/aktionstag06.jpg\" alt=\"\" class=\"wp-image-5222\" style=\"width:258px;height:auto\" srcset=\"https:\/\/owv-sc-waldthurn.de\/wp-content\/uploads\/2024\/10\/aktionstag06.jpg 614w, https:\/\/owv-sc-waldthurn.de\/wp-content\/uploads\/2024\/10\/aktionstag06-300x225.jpg 300w\" sizes=\"auto, (max-width: 614px) 100vw, 614px\" \/><\/figure>\n\n\n\n<figure class=\"wp-block-image size-full is-resized\"><img loading=\"lazy\" decoding=\"async\" width=\"614\" height=\"461\" src=\"https:\/\/owv-sc-waldthurn.de\/wp-content\/uploads\/2024\/10\/aktionstag07.jpg\" alt=\"\" class=\"wp-image-5223\" style=\"width:274px;height:auto\" srcset=\"https:\/\/owv-sc-waldthurn.de\/wp-content\/uploads\/2024\/10\/aktionstag07.jpg 614w, https:\/\/owv-sc-waldthurn.de\/wp-content\/uploads\/2024\/10\/aktionstag07-300x225.jpg 300w\" sizes=\"auto, (max-width: 614px) 100vw, 614px\" \/><\/figure>\n<\/div>\n","protected":false},"excerpt":{"rendered":"<p>2026\/ Dienstag 20. bis Freitag 23. Januar&nbsp;Skikurs Schule Gruppenbild mit Trainer\/in Gr\u00fcnauer Johanna und Gr\u00fcnauer Lukas (Schulpraktikant) Die Sch\u00fclerinnen und Sch\u00fcler der 3. und 4. Klasse der Grundschule Waldthurn verbrachten vier sportliche Vormittage in der Langlaufloipe an der OWV\/Skih\u00fctte Dank ausreichender Schneelage konnte die Wiese an der Skih\u00fctte gespurt werden, so dass der Langlaufkurs erstmals [&hellip;]<\/p>\n","protected":false},"author":2,"featured_media":0,"parent":9912,"menu_order":0,"comment_status":"closed","ping_status":"closed","template":"","meta":{"footnotes":""},"folder":[],"class_list":["post-5207","page","type-page","status-publish","hentry"],"_links":{"self":[{"href":"https:\/\/owv-sc-waldthurn.de\/index.php?rest_route=\/wp\/v2\/pages\/5207","targetHints":{"allow":["GET"]}}],"collection":[{"href":"https:\/\/owv-sc-waldthurn.de\/index.php?rest_route=\/wp\/v2\/pages"}],"about":[{"href":"https:\/\/owv-sc-waldthurn.de\/index.php?rest_route=\/wp\/v2\/types\/page"}],"author":[{"embeddable":true,"href":"https:\/\/owv-sc-waldthurn.de\/index.php?rest_route=\/wp\/v2\/users\/2"}],"replies":[{"embeddable":true,"href":"https:\/\/owv-sc-waldthurn.de\/index.php?rest_route=%2Fwp%2Fv2%2Fcomments&post=5207"}],"version-history":[{"count":21,"href":"https:\/\/owv-sc-waldthurn.de\/index.php?rest_route=\/wp\/v2\/pages\/5207\/revisions"}],"predecessor-version":[{"id":10024,"href":"https:\/\/owv-sc-waldthurn.de\/index.php?rest_route=\/wp\/v2\/pages\/5207\/revisions\/10024"}],"up":[{"embeddable":true,"href":"https:\/\/owv-sc-waldthurn.de\/index.php?rest_route=\/wp\/v2\/pages\/9912"}],"wp:attachment":[{"href":"https:\/\/owv-sc-waldthurn.de\/index.php?rest_route=%2Fwp%2Fv2%2Fmedia&parent=5207"}],"wp:term":[{"taxonomy":"folder","embeddable":true,"href":"https:\/\/owv-sc-waldthurn.de\/index.php?rest_route=%2Fwp%2Fv2%2Ffolder&post=5207"}],"curies":[{"name":"wp","href":"https:\/\/api.w.org\/{rel}","templated":true}]}}