{"id":792,"date":"2024-09-18T18:53:21","date_gmt":"2024-09-18T18:53:21","guid":{"rendered":"https:\/\/owv-sc-waldthurn.de\/?page_id=792"},"modified":"2026-04-09T13:55:33","modified_gmt":"2026-04-09T13:55:33","slug":"wanderwege","status":"publish","type":"page","link":"https:\/\/owv-sc-waldthurn.de\/?page_id=792","title":{"rendered":"Wanderwege"},"content":{"rendered":"\n<p><\/p>\n\n\n\n<p class=\"has-large-font-size\"><strong><em>Wandertafel <\/em><\/strong><\/p>\n\n\n\n<div class=\"wp-block-group alignwide has-global-padding is-layout-constrained wp-block-group-is-layout-constrained\">\n<div class=\"wp-block-group alignwide is-nowrap is-layout-flex wp-container-core-group-is-layout-6c531013 wp-block-group-is-layout-flex\">\n<p>Einen lang gehegten Wunsch erf\u00fcllte sich der OWV Waldthurn mit der Aufstellung einer neuen Wandertafel. In Anwesenheit von 1. B\u00fcrgermeister Josef Beimler wurde die \u00dcbersichtskarte am Marktplatz bei der Kirche aufgestellt. Abgebildet ist ein gro\u00dfer Ausschnitt des &#8222;Naturparks N\u00f6rdlicher Oberpf\u00e4lzer Wald&#8220; mit allen markierten Wanderwegen unserer Region.<br>Erg\u00e4nzt wurde die Karte mit einer Beschreibung von drei vereinseigenen Wanderwegen mit den Verbindungen zu den Waldthurner Nachbarorten. OWV-Vorsitzender Stephan Griesbach dankte bei der Pr\u00e4sentation seinen flei\u00dfigen Helfern f\u00fcr die vielen freiwilligen Arbeitsstunden. Ein besonderer Dank galt den Waldthurner Handwerksbetrieben Schreinerei B\u00e4umler, Holzbau Riedl, Malerbetrieb B\u00e4umler und der Spenglerei Klier f\u00fcr die Materialspenden. Voll des Lobes zeigte sich B\u00fcrgermeister Beimler \u00fcber den gelungenen Beitrag zu Versch\u00f6nerung des Marktplatzes.<br>Roman Bauer<\/p>\n<\/div>\n\n\n\n<div class=\"wp-block-group is-layout-flow wp-block-group-is-layout-flow\">\n<figure class=\"wp-block-image aligncenter size-large is-resized\"><img loading=\"lazy\" decoding=\"async\" width=\"1024\" height=\"734\" src=\"https:\/\/owv-sc-waldthurn.de\/wp-content\/uploads\/2024\/10\/Wandertafel-1024x734.jpg\" alt=\"\" class=\"wp-image-3924\" style=\"width:758px;height:auto\" srcset=\"https:\/\/owv-sc-waldthurn.de\/wp-content\/uploads\/2024\/10\/Wandertafel-1024x734.jpg 1024w, https:\/\/owv-sc-waldthurn.de\/wp-content\/uploads\/2024\/10\/Wandertafel-300x215.jpg 300w, https:\/\/owv-sc-waldthurn.de\/wp-content\/uploads\/2024\/10\/Wandertafel-768x550.jpg 768w, https:\/\/owv-sc-waldthurn.de\/wp-content\/uploads\/2024\/10\/Wandertafel.jpg 1200w\" sizes=\"auto, (max-width: 1024px) 100vw, 1024px\" \/><\/figure>\n<\/div>\n<\/div>\n\n\n\n<p><\/p>\n\n\n\n<div class=\"wp-block-group is-nowrap is-layout-flex wp-container-core-group-is-layout-6c531013 wp-block-group-is-layout-flex\">\n<p><\/p>\n<\/div>\n\n\n\n<div class=\"wp-block-group alignwide is-layout-flow wp-block-group-is-layout-flow\">\n<div class=\"wp-block-group is-nowrap is-layout-flex wp-container-core-group-is-layout-6c531013 wp-block-group-is-layout-flex\"><\/div>\n\n\n\n<figure class=\"wp-block-image size-large\"><img loading=\"lazy\" decoding=\"async\" width=\"1024\" height=\"295\" src=\"https:\/\/owv-sc-waldthurn.de\/wp-content\/uploads\/2025\/07\/wandertafel-c-1024x295.jpg\" alt=\"\" class=\"wp-image-9134\" srcset=\"https:\/\/owv-sc-waldthurn.de\/wp-content\/uploads\/2025\/07\/wandertafel-c-1024x295.jpg 1024w, https:\/\/owv-sc-waldthurn.de\/wp-content\/uploads\/2025\/07\/wandertafel-c-300x87.jpg 300w, https:\/\/owv-sc-waldthurn.de\/wp-content\/uploads\/2025\/07\/wandertafel-c-768x221.jpg 768w, https:\/\/owv-sc-waldthurn.de\/wp-content\/uploads\/2025\/07\/wandertafel-c.jpg 1200w\" sizes=\"auto, (max-width: 1024px) 100vw, 1024px\" \/><\/figure>\n\n\n\n<div class=\"wp-block-group alignfull is-layout-flow wp-block-group-is-layout-flow\">\n<div class=\"wp-block-columns is-layout-flex wp-container-core-columns-is-layout-28f84493 wp-block-columns-is-layout-flex\">\n<div class=\"wp-block-column is-layout-flow wp-block-column-is-layout-flow\" style=\"flex-basis:100%\"><\/div>\n<\/div>\n<\/div>\n<\/div>\n\n\n\n<p class=\"has-large-font-size\"><strong><em>Luhetalweg und Kneipprundweg <\/em><\/strong><\/p>\n\n\n\n<div class=\"wp-block-group alignfull is-nowrap is-layout-flex wp-container-core-group-is-layout-6c531013 wp-block-group-is-layout-flex\">\n<figure class=\"wp-block-image size-large is-resized\" style=\"margin-top:var(--wp--preset--spacing--10);margin-bottom:var(--wp--preset--spacing--10)\"><img loading=\"lazy\" decoding=\"async\" width=\"394\" height=\"315\" src=\"https:\/\/owv-sc-waldthurn.de\/wp-content\/uploads\/2024\/10\/image.jpg\" alt=\"\" class=\"wp-image-4094\" style=\"width:770px;height:auto\" srcset=\"https:\/\/owv-sc-waldthurn.de\/wp-content\/uploads\/2024\/10\/image.jpg 394w, https:\/\/owv-sc-waldthurn.de\/wp-content\/uploads\/2024\/10\/image-300x240.jpg 300w\" sizes=\"auto, (max-width: 394px) 100vw, 394px\" \/><\/figure>\n\n\n\n<figure class=\"wp-block-image size-full is-resized\"><img loading=\"lazy\" decoding=\"async\" width=\"437\" height=\"328\" src=\"https:\/\/owv-sc-waldthurn.de\/wp-content\/uploads\/2024\/10\/image-1.jpg\" alt=\"\" class=\"wp-image-4099\" style=\"width:821px;height:auto\" srcset=\"https:\/\/owv-sc-waldthurn.de\/wp-content\/uploads\/2024\/10\/image-1.jpg 437w, https:\/\/owv-sc-waldthurn.de\/wp-content\/uploads\/2024\/10\/image-1-300x225.jpg 300w\" sizes=\"auto, (max-width: 437px) 100vw, 437px\" \/><\/figure>\n\n\n\n<figure class=\"wp-block-gallery alignleft has-nested-images columns-default is-cropped wp-block-gallery-1 is-layout-flex wp-block-gallery-is-layout-flex\"><\/figure>\n<\/div>\n\n\n\n<p><\/p>\n\n\n\n<p><\/p>\n\n\n\n<div class=\"wp-block-group alignwide is-layout-flow wp-block-group-is-layout-flow\"><\/div>\n","protected":false},"excerpt":{"rendered":"<p>Wandertafel Einen lang gehegten Wunsch erf\u00fcllte sich der OWV Waldthurn mit der Aufstellung einer neuen Wandertafel. In Anwesenheit von 1. B\u00fcrgermeister Josef Beimler wurde die \u00dcbersichtskarte am Marktplatz bei der Kirche aufgestellt. Abgebildet ist ein gro\u00dfer Ausschnitt des &#8222;Naturparks N\u00f6rdlicher Oberpf\u00e4lzer Wald&#8220; mit allen markierten Wanderwegen unserer Region.Erg\u00e4nzt wurde die Karte mit einer Beschreibung von [&hellip;]<\/p>\n","protected":false},"author":2,"featured_media":0,"parent":652,"menu_order":0,"comment_status":"closed","ping_status":"closed","template":"","meta":{"footnotes":""},"folder":[],"class_list":["post-792","page","type-page","status-publish","hentry"],"_links":{"self":[{"href":"https:\/\/owv-sc-waldthurn.de\/index.php?rest_route=\/wp\/v2\/pages\/792","targetHints":{"allow":["GET"]}}],"collection":[{"href":"https:\/\/owv-sc-waldthurn.de\/index.php?rest_route=\/wp\/v2\/pages"}],"about":[{"href":"https:\/\/owv-sc-waldthurn.de\/index.php?rest_route=\/wp\/v2\/types\/page"}],"author":[{"embeddable":true,"href":"https:\/\/owv-sc-waldthurn.de\/index.php?rest_route=\/wp\/v2\/users\/2"}],"replies":[{"embeddable":true,"href":"https:\/\/owv-sc-waldthurn.de\/index.php?rest_route=%2Fwp%2Fv2%2Fcomments&post=792"}],"version-history":[{"count":64,"href":"https:\/\/owv-sc-waldthurn.de\/index.php?rest_route=\/wp\/v2\/pages\/792\/revisions"}],"predecessor-version":[{"id":10274,"href":"https:\/\/owv-sc-waldthurn.de\/index.php?rest_route=\/wp\/v2\/pages\/792\/revisions\/10274"}],"up":[{"embeddable":true,"href":"https:\/\/owv-sc-waldthurn.de\/index.php?rest_route=\/wp\/v2\/pages\/652"}],"wp:attachment":[{"href":"https:\/\/owv-sc-waldthurn.de\/index.php?rest_route=%2Fwp%2Fv2%2Fmedia&parent=792"}],"wp:term":[{"taxonomy":"folder","embeddable":true,"href":"https:\/\/owv-sc-waldthurn.de\/index.php?rest_route=%2Fwp%2Fv2%2Ffolder&post=792"}],"curies":[{"name":"wp","href":"https:\/\/api.w.org\/{rel}","templated":true}]}}

<p></p>



<p class="has-large-font-size"><strong><em>Wandertafel </em></strong></p>



<div class="wp-block-group alignwide has-global-padding is-layout-constrained wp-block-group-is-layout-constrained">
<div class="wp-block-group alignwide is-nowrap is-layout-flex wp-container-core-group-is-layout-6c531013 wp-block-group-is-layout-flex">
<p>Einen lang gehegten Wunsch erfüllte sich der OWV Waldthurn mit der Aufstellung einer neuen Wandertafel. In Anwesenheit von 1. Bürgermeister Josef Beimler wurde die Übersichtskarte am Marktplatz bei der Kirche aufgestellt. Abgebildet ist ein großer Ausschnitt des &#8222;Naturparks Nördlicher Oberpfälzer Wald&#8220; mit allen markierten Wanderwegen unserer Region.<br>Ergänzt wurde die Karte mit einer Beschreibung von drei vereinseigenen Wanderwegen mit den Verbindungen zu den Waldthurner Nachbarorten. OWV-Vorsitzender Stephan Griesbach dankte bei der Präsentation seinen fleißigen Helfern für die vielen freiwilligen Arbeitsstunden. Ein besonderer Dank galt den Waldthurner Handwerksbetrieben Schreinerei Bäumler, Holzbau Riedl, Malerbetrieb Bäumler und der Spenglerei Klier für die Materialspenden. Voll des Lobes zeigte sich Bürgermeister Beimler über den gelungenen Beitrag zu Verschönerung des Marktplatzes.<br>Roman Bauer</p>
</div>



<div class="wp-block-group is-layout-flow wp-block-group-is-layout-flow">
<figure class="wp-block-image aligncenter size-large is-resized"><img loading="lazy" decoding="async" width="1024" height="734" src="https://owv-sc-waldthurn.de/wp-content/uploads/2024/10/Wandertafel-1024x734.jpg" alt="" class="wp-image-3924" style="width:758px;height:auto" srcset="https://owv-sc-waldthurn.de/wp-content/uploads/2024/10/Wandertafel-1024x734.jpg 1024w, https://owv-sc-waldthurn.de/wp-content/uploads/2024/10/Wandertafel-300x215.jpg 300w, https://owv-sc-waldthurn.de/wp-content/uploads/2024/10/Wandertafel-768x550.jpg 768w, https://owv-sc-waldthurn.de/wp-content/uploads/2024/10/Wandertafel.jpg 1200w" sizes="auto, (max-width: 1024px) 100vw, 1024px" /></figure>
</div>
</div>



<p></p>



<div class="wp-block-group is-nowrap is-layout-flex wp-container-core-group-is-layout-6c531013 wp-block-group-is-layout-flex">
<p></p>
</div>



<div class="wp-block-group alignwide is-layout-flow wp-block-group-is-layout-flow">
<div class="wp-block-group is-nowrap is-layout-flex wp-container-core-group-is-layout-6c531013 wp-block-group-is-layout-flex"></div>



<figure class="wp-block-image size-large"><img loading="lazy" decoding="async" width="1024" height="295" src="https://owv-sc-waldthurn.de/wp-content/uploads/2025/07/wandertafel-c-1024x295.jpg" alt="" class="wp-image-9134" srcset="https://owv-sc-waldthurn.de/wp-content/uploads/2025/07/wandertafel-c-1024x295.jpg 1024w, https://owv-sc-waldthurn.de/wp-content/uploads/2025/07/wandertafel-c-300x87.jpg 300w, https://owv-sc-waldthurn.de/wp-content/uploads/2025/07/wandertafel-c-768x221.jpg 768w, https://owv-sc-waldthurn.de/wp-content/uploads/2025/07/wandertafel-c.jpg 1200w" sizes="auto, (max-width: 1024px) 100vw, 1024px" /></figure>



<div class="wp-block-group alignfull is-layout-flow wp-block-group-is-layout-flow">
<div class="wp-block-columns is-layout-flex wp-container-core-columns-is-layout-28f84493 wp-block-columns-is-layout-flex">
<div class="wp-block-column is-layout-flow wp-block-column-is-layout-flow" style="flex-basis:100%"></div>
</div>
</div>
</div>



<p class="has-large-font-size"><strong><em>Luhetalweg und Kneipprundweg </em></strong></p>



<div class="wp-block-group alignfull is-nowrap is-layout-flex wp-container-core-group-is-layout-6c531013 wp-block-group-is-layout-flex">
<figure class="wp-block-image size-large is-resized" style="margin-top:var(--wp--preset--spacing--10);margin-bottom:var(--wp--preset--spacing--10)"><img loading="lazy" decoding="async" width="394" height="315" src="https://owv-sc-waldthurn.de/wp-content/uploads/2024/10/image.jpg" alt="" class="wp-image-4094" style="width:770px;height:auto" srcset="https://owv-sc-waldthurn.de/wp-content/uploads/2024/10/image.jpg 394w, https://owv-sc-waldthurn.de/wp-content/uploads/2024/10/image-300x240.jpg 300w" sizes="auto, (max-width: 394px) 100vw, 394px" /></figure>



<figure class="wp-block-image size-full is-resized"><img loading="lazy" decoding="async" width="437" height="328" src="https://owv-sc-waldthurn.de/wp-content/uploads/2024/10/image-1.jpg" alt="" class="wp-image-4099" style="width:821px;height:auto" srcset="https://owv-sc-waldthurn.de/wp-content/uploads/2024/10/image-1.jpg 437w, https://owv-sc-waldthurn.de/wp-content/uploads/2024/10/image-1-300x225.jpg 300w" sizes="auto, (max-width: 437px) 100vw, 437px" /></figure>



<figure class="wp-block-gallery alignleft has-nested-images columns-default is-cropped wp-block-gallery-1 is-layout-flex wp-block-gallery-is-layout-flex"></figure>
</div>



<p></p>



<p></p>



<div class="wp-block-group alignwide is-layout-flow wp-block-group-is-layout-flow"></div>

<p>Wandertafel Einen lang gehegten Wunsch erfüllte sich der OWV Waldthurn mit der Aufstellung einer neuen Wandertafel. In Anwesenheit von 1. Bürgermeister Josef Beimler wurde die Übersichtskarte am Marktplatz bei der Kirche aufgestellt. Abgebildet ist ein großer Ausschnitt des &#8222;Naturparks Nördlicher Oberpfälzer Wald&#8220; mit allen markierten Wanderwegen unserer Region.Ergänzt wurde die Karte mit einer Beschreibung von [&hellip;]</p>
